.
7
Let q(o) = -2*o**2 - 10*o - 93. Give q(-5).
-93
Let o(c) = 9*c**2 + 138*c + 271. Calculate o(-2).
31
Let a(g) = 12*g**2 - 217*g + 220. What is a(17)?
-1
Let f(r) = 3*r**2 + 91*r + 341. What is f(-4)?
25
Let j(y) = -38*y - 231. Give j(-7).
35
Let a(j) = j**3 - 87*j**2 + 95*j - 737. Determine a(86).
37
Let n(p) = -574*p + 33305. Give n(58).
13
Let v(y) = 6*y**2 + 40*y + 48. Give v(-6).
24
Let h(s) = -2*s**3 - 67*s**2 - 209*s + 28. Give h(-30).
-2
Let x(d) = -8*d**2 + 15*d - 9. Determine x(4).
-77
Let n(v) = -v**2 + 5*v + 473. Give n(-18).
59
Let s(k) = 315*k - 1368. Determine s(5).
207
Let i(y) = 4*y - 161. Determine i(-4).
-177
Let x(t) = t**3 + 19*t**2 + 64*t - 31. Give x(-14).
53
Let h(z) = 4*z**2 + 110*z + 117. Calculate h(-18).
-567
Let g(o) = -o**3 + 8*o**2 + 43*o - 63. What is g(13)?
-349
Let j(c) = c**2 - 28*c - 850. Determine j(47).
43
Let h(k) = 1448*k + 2889. Determine h(-2).
-7
Let j(t) = 16*t - 21. Calculate j(-2).
-53
Let u(i) = i**2 - 51*i - 143. Determine u(54).
19
Let b(w) = 15*w + 29. What is b(-9)?
-106
Let r(k) = 11*k**2 + 143*k + 255. What is r(-2)?
13
Let q(b) = -79*b + 1020. What is q(13)?
-7
Let m(d) = 6*d**3 - d**2 - 4*d + 52. What is m(3)?
193
Let z(r) = -684*r + 1368. Give z(2).
0
Let g(m) = -9*m + 363. Calculate g(43).
-24
Let n(x) = 21*x**2 - 14*x - 10. Determine n(-5).
585
Let q(m) = -5*m**2 + 142*m + 26. Determine q(29).
-61
Let q(m) = -4*m**2 - 122*m + 427. Calculate q(-34).
-49
Let a(h) = 123*h - 117. What is a(1)?
6
Let h(m) = 115*m**2 - 73*m + 74. What is h(1)?
116
Let k(m) = 18404*m - 110417. What is k(6)?
7
Let h(s) = 24*s**2 + 81*s + 82. Calculate h(-1).
25
Let l(j) = -j**2 - 2002*j - 48. Give l(0).
-48
Let a(r) = r**3 - 17*r**2 + 14*r + 54. What is a(16)?
22
Let o(u) = -2*u**3 + 129*u**2 + 2576*u - 7. What is o(-16)?
-7
Let i(x) = x**3 + 15*x**2 - 34*x - 31. Give i(-17).
-31
Let t(n) = n**3 - 85*n**2 - 7*n + 591. Determine t(85).
-4
Let y(l) = 5*l**2 - 63*l + 152. Determine y(9).
-10
Let f(w) = -w**3 - 11*w**2 + 30*w + 57. Calculate f(-13).
5
Let h(z) = -z**3 + 7*z**2 - 3*z + 11. Determine h(5).
46
Let t(f) = -15*f**2 - 69*f - 10. What is t(-4)?
26
Let h(g) = 48*g + 102. Give h(-4).
-90
Let r(x) = -x**3 - 63*x**2 + 36*x - 1864. Give r(-64).
-72
Let w(f) = f**3 + 24*f**2 - 21*f + 113. What is w(-25)?
13
Let t(s) = -s**3 - 44*s**2 + 91*s - 52. Determine t(-46).
-6
Let z(c) = 4*c**2 - 50*c - 76. Determine z(13).
-50
Let u(c) = -2*c**2 + 2*c + 111. What is u(-10)?
-109
Let p(v) = -3*v**3 + 348*v**2 + 359*v + 10. What is p(-1)?
2
Let p(j) = 579*j + 1745. What is p(-3)?
8
Let a(w) = -5*w + 14. Calculate a(-5).
39
Let l(v) = -v - 141. Determine l(-64).
-77
Let x(c) = 9*c**3 + c**2 - 500*c + 500. What is x(1)?
10
Let t(f) = f**2 - 299*f + 10793. What is t(42)?
-1
Let o(a) = -56*a - 320. Calculate o(-7).
72
Let d(p) = p**3 + 31*p**2 - 64*p - 66. Give d(-33).
-132
Let g(x) = -8*x**3 - 35*x**2 + 23*x - 3. Calculate g(-5).
7
Let i(k) = -9*k + 302. Give i(31).
23
Let r(j) = 2*j**3 + 23*j**2 - 235*j - 26. Calculate r(-18).
-8
Let s(v) = -v**2 - 42*v - 77. Determine s(-40).
3
Let f(k) = 21*k + 417. Determine f(-19).
18
Let l(k) = k**3 + 28*k**2 + 175*k - 5. Determine l(-10).
45
Let z(p) = -315*p + 2857. What is z(9)?
22
Let h(l) = l**3 - 36*l**2 + 275*l - 294. Determine h(9).
-6
Let i(b) = 14*b - 4. What is i(2)?
24
Let v(z) = 93*z + 807. What is v(-8)?
63
Let v(w) = -372*w + 8923. Determine v(24).
-5
Let p(z) = z**3 - 36*z**2 - 162*z + 95. Give p(40).
15
Let d(x) = 104*x + 342. Determine d(-4).
-74
Let v(g) = -2*g**3 + 12*g**2 - 7*g + 13. Calculate v(5).
28
Let h(g) = -49*g**2 - 2718*g - 2718. Determine h(-1).
-49
Let x(t) = 1389*t - 23590. Give x(17).
23
Let k(y) = y**3 + 28*y**2 + 42*y + 401. Determine k(-27).
-4
Let d(q) = 17*q + 651. Give d(-30).
141
Let j(v) = -29*v + 103. Give j(6).
-71
Let q(n) = 4*n**3 + 123*n**2 - 31*n - 7. Calculate q(-31).
-7
Let x(r) = 14*r**2 - 86*r + 52. Give x(8).
260
Let v(i) = -i**2 + 72*i + 1625. What is v(-18)?
5
Let l(h) = -150*h + 1721. Calculate l(11).
71
Let v(g) = 2*g**2 - 16*g + 19. Calculate v(5).
-11
Let j(g) = -g**3 - 84*g**2 - 13*g - 1079. Determine j(-84).
13
Let d(l) = l**2 + 13*l - 366. What is d(-26)?
-28
Let l(v) = -v**3 + 21*v**2 - 57*v - 180. Determine l(17).
7
Let g(x) = 2*x**3 - 9*x**2 + 20*x - 9. Calculate g(2).
11
Let h(y) = y**2 + 182*y - 2500. Give h(13).
35
Let v(u) = 6*u**3 - 966*u**2 - 9. Calculate v(161).
-9
Let x(i) = 861*i + 43041. Calculate x(-50).
-9
Let z(r) = -340*r + 540. Calculate z(2).
-140
Let c(s) = -s**2 - 128*s + 15224. What is c(75)?
-1
Let x(d) = 13*d + 453. Determine x(-27).
102
Let b(x) = -x**2 - 12*x + 1222. Calculate b(32).
-186
Let v(q) = -q**3 - 5*q**2 + 452*q + 2710. What is v(-6)?
34
Let l(h) = -5*h + 38. Calculate l(5).
13
Let r(z) = -257*z + 2048. Determine r(8).
-8
Let b(t) = 5*t**3 - 3*t**2 + t - 6. Determine b(0).
-6
Let w(n) = -531*n + 5318. Calculate w(10).
8
Let w(j) = j**3 - 16*j**2 + 27*j - 184. Determine w(15).
-4
Let w(n) = -n**2 + 17*n - 87. Calculate w(9).
-15
Let m(q) = -606*q - 2950. Calculate m(-5).
80
Let l(w) = -w**2 + 15*w - 43. Calculate l(6).
11
Let o(v) = -8*v**2 - 4*v - 3. Determine o(-4).
-115
Let c(b) = -7*b**2 + 6*b + 18. What is c(-4)?
-118
Let b(s) = -7*s**2 + 33*s - 28. Give b(4).
-8
Let y(o) = -o**3 + 8*o**2 + o + 11. What is y(7)?
67
Let w(x) = -8*x**3 + 9*x**2 + 7*x. Give w(-1).
10
Let t(c) = -620*c + 611. What is t(1)?
-9
Let o(v) = 3*v**3 + 555*v**2 + 10. What is o(-185)?
10
Let g(s) = -s**3 - 22*s**2 + s + 78. What is g(-22)?
56
Let z(f) = f**3 + 7*f**2 - 81*f + 7. Determine z(6).
-11
Let u(z) = 4*z**2 - 40*z - 917. What is u(21)?
7
Let s(a) = -371*a - 1480. What is s(-4)?
4
Let j(n) = n**3 - 24*n**2 - 268*n - 36. Calculate j(32).
-420
Let x(h) = -946*h + 7668. What is x(8)?
100
Let g(m) = 4*m**3 + 2*m**2 + 33*m + 68. What is g(-2)?
-22
Let v(x) = x**3 - 4*x**2 + 5*x + 22. What is v(5)?
72
Let s(t) = -t**2 + 68*t - 883. Give s(19).
48
Let z(j) = 535*j - 1807. Give z(4).
333
Let u(r) = 4*r**2 - 13*r - 1. Give u(4).
11
Let t(d) = 68*d + 956. Calculate t(-14).
4
Let t(j) = j**2 + 2*j - 19. Calculate t(-10).
61
Let h(c) = 2*c - 44. Calculate h(40).
36
Let j(g) = -g**3 + 16*g**2 - 10*g - 55. Calculate j(15).
20
Let g(c) = -c**3 + 5*c**2 + 10*c + 2. Calculate g(7).
-26
Let k(s) = 22*s - 40. Give k(-18).
-436
Let n(d) = -11*d**2 - 104*d - 126. Determine n(-8).
2
Let b(n) = n**2 - 55*n + 298. Give b(43).
-218
Let b(i) = -i**3 - 2*i**2 - 12*i + 31. What is b(4)?
-113
Let i(n) = 9831*n - 147465. Give i(15).
0
Let n(j) = -3*j**2 + 242*j + 322. Determine n(82).
-6
Let b(i) = 8*i**2 + 499*i - 289. Give b(-63).
26
Let h(f) = 1533*f - 29129. What is h(19)?
-2
Let c(t) = t**2 - 29*t - 8539. Calculate c(-79).
-7
Let a(k) = -k**3 - 13*k**2 - 35*k - 33. What is a(-12)?
243
Let s(w) = w**2 - w - 649. Determine s(-28).
163
Let o(g) = -16*g - 112. Give o(8).
-240
Let q(o) = 2*o**2 + 37*o + 161. Determine q(-7).
0
Let q(n) = -3*n**3 - 43*n**2 + 27*n - 24. Calculate q(-15).
21
Let l(a) = 94*a - 1168. Determine l(18).
524
Let i(l) = -15*l + 276. What is i(25)?
-99
Let q(p) = -p**3 - 12*p**2 - 12*p + 66. What is q(-10)?
-14
Let l(x) = -5*x**3 + 4*x**2 + 19*x + 17. Calculate l(-2).
35
Let y(q) = -24*q + 472. Calculate y(13).
160
Let j(t) = -357*t - 2488. What is j(-7)?
11
Let x(o) = 4*o**3 - 29*o + 52. What is x(2)?
26
Let f(d) = -4512*d + 8966. Determine f(2).
-58
Let g(c) = -5*c - 267. Determine g(-55).
8
Let s(a) = -729*a**2 - 5832*a + 2. Calculate s(-8).
2
Let w(o) = -26*o - 1162. Give w(-45).
8
Let g(f) = 2*f**3 - 601*f**2 - 3369*f + 932. Determine g(306).
14
Let k(j) = -259*j + 1359. Calculate k(5).
64
Let v(h) = h**3 + h**2 - 8*h + 2. Calculate v(2).
-2
Let w(g) = -g**3 + 4*g**2 + g - 4. Give w(5).
-24
Let a(g) = 198*g - 3959. Calculate a(20).
1
Let f(q) = -q**2 + 53*q + 681. What is f(60)?
261
Let w(r) = 3*r**2 + 66*r + 452. Give w(-11).
89
Let f(g) = 62*g + 1272. Give f(-21).
-30
Let g(l) = -311*l + 1872. Give g(6).
6
Let p(y) = -18*y**2 + 40*y - 2. Give p(-2).
-154
Let y(s) = -s**3 - 75*s**2 - 219*s - 245. Give y(-72).
-29
Let d(w) = 18*w + 372. Determine d(-20).
12
Let v(q) = 30*q**2 + 2098*q - 129. Calculate v(-70).
11
Let g(h) = -114*h + 1974. Determine g(19).
-192
Let g(k) = -k**2 - 1035*k + 7306. Calcula